o be 15/5 + (0 - 1) + 3. Suppose -593 = -o*p - 2*w, -2*p + 0*w + 3*w = -222. Let t = p - 31. List the prime factors of t.
2, 43
Suppose -6*l = -2*l + 100. Let r be (-530)/l + (-1)/5. Let n = -6 + r. What are the prime factors of n?
3, 5
Suppose 241180 = 5*j - 5*s, -j + 52815 = s + 4583. List the prime factors of j.
2, 3, 8039
Let s(k) = -k + 14. Let u be s(10). Suppose u*a = -6*a + 20. Suppose -4*l + 114 = a*j, j + 2*j - 151 = -2*l. What are the prime factors of j?
47
Suppose 56*g + 77190 = 139*g. List the prime factors of g.
2, 3, 5, 31
Suppose -5*b + d + 2*d = -88, -4*d = 4. Let u be b/4 - 4*(-6)/(-96). Suppose 0*q + 251 = 5*y - q, 169 = 3*y + u*q. List the prime factors of y.
3, 17
Let i be (12/(-7))/((-5)/210*3). Suppose 0 = 19*k - 11*k - i. Suppose -2*r + z = -200, k*z + 0*z = 5*r - 502. List the prime factors of r.
2, 7
Suppose -4*q = 2*g + 2, 0 = -2*g - 5*q + 2 - 5. Suppose 0 = 3*v + v + 3*d + 9, -2*d = v + 6. List the prime factors of g + (v + 0 - (-102)/3).
5, 7
Suppose -11 = c - 4. Suppose 10 = -17*k - 58. List the prime factors of 234 + -2 - (c - k).
5, 47
Let k = 197 + -194. Suppose -5*b - 5*g = -g - 4411, -5*b + 4383 = -k*g. What are the prime factors of b?
3, 293
Let p = 36944 + -24281. What are the prime factors of p?
3, 7, 67
Let n be (-24)/10*185/(-148). Suppose 5*a + 5 = -0, 2077 = 4*k + n*a. What are the prime factors of k?
2, 5, 13
Let x(m) = 11*m**3 - 40*m**2 - 39*m - 52. Let f(t) = 5*t**3 - 20*t**2 - 19*t - 27. Let i(p) = 9*f(p) - 4*x(p). What are the prime factors of i(21)?
7, 13
Let t be (-8 + 7)/(-1 + 390/391). Let z = 250 + t. List the prime factors of z.
641
Let u(m) = -3*m**3 - 188*m**2 + 40*m + 60. List the prime factors of u(-64).
2, 3, 13, 89
Let d = 74 - 131. Let f = d - -50. Let l = 24 + f. List the prime factors of l.
17
Suppose 15*y + 28 - 13 = 0. List the prime factors of -4*y/(16/1928).
2, 241
Let f = -380 - -374. What are the prime factors of (-3)/9*1 + (-2978)/f?
2, 31
Suppose -4*c + 3*s + 12 = -52, c - 9 = -s. Suppose -11*t + c*t + 1842 = 4*b, 2*t - 936 = -2*b. List the prime factors of b.
463
Suppose -306*p + 305*p + 8134 = -2*y, -y - 2 = 0. List the prime factors of p.
2, 3, 5, 271
Let w = 9317 - -19032. List the prime factors of w.
28349
Let h(w) = -w**3 + 8*w**2 - 6*w - 2. Let r be h(7). Suppose 2 = -o, -r*o = -3*k - 0*o + 4. List the prime factors of k/(-5) - 3624/(-40).
7, 13
Suppose 9800 = -2*i + 9*i. Suppose -5*r + i = a, 2*a - 355 = -2*r + 197. List the prime factors of r.
281
Let q(m) = m**3 + 3*m**2 - 4*m - 63. Let h(u) = 3*u**3 + 8*u**2 - 11*u - 187. Let j(b) = -3*h(b) + 8*q(b). List the prime factors of j(0).
3, 19
Suppose 4*p - 3*z = 73760 - 2117, 3*p - z = 53741. List the prime factors of p.
2, 3, 1493
Suppose 168*a - 175*a = -658. Suppose -3*k = 2*t - 77, t = 5*k - 0*t - 137. Suppose q - a = k. List the prime factors of q.
11
Let k = 13 + -1. Suppose -2*n = n + k, -4*n = -3*l + 322. Suppose 0 = 7*z - 6*z - l. What are the prime factors of z?
2, 3, 17
Suppose 0 = 5*b - o - 17475, -4*o + 679 = b - 2816. List the prime factors of b.
3, 5, 233
Let u(n) = 3767*n - 551. List the prime factors of u(9).
2, 11, 379
Let u be 2 - ((-6)/(-8))/((-1)/16). Suppose u*d = 1921 + 1005. What are the prime factors of d?
11, 19
Let y(n) = 145*n**3 + n**2 - 3*n + 2. Let m be y(1). Let b = -144 + m. What are the prime factors of 1/b*1/((-5)/(-45))?
3
Suppose 3386 = 2*t + 4*x, -3*t + 4*x = -4609 - 480. What are the prime factors of 2/16 - t/(-8)?
2, 53
Suppose 886542 + 26235 = 28*o - 295339. What are the prime factors of o?
13, 3319
Suppose k + 50 = b, 225 = -5*k - b - 1. Let z = k - -54. What are the prime factors of z/(-2) + (-8 - -71)?
59
Let p(q) = -46495*q**3 - 5*q**2 - 18*q - 14. List the prime factors of p(-1).
2, 3, 7, 41
List the prime factors of (-5)/(-14 - 71526/(-5110)).
5, 73
Suppose 3*d - 24306 = -3*h, d + 19*h - 15*h - 8114 = 0. What are the prime factors of d?
2, 4049
Suppose 43250 = 5*q + 3*l, -62575 = -5*q + 4*l - 19360. List the prime factors of q.
8647
Let f = 272 - -406. Let m = f - 551. What are the prime factors of m?
127
Let y(o) = -31*o + 8. Suppose -4*j + 12 = 0, 13 = -5*u - j - 39. What are the prime factors of y(u)?
349
Let p = 1208 - 803. Let x = p + -100. List the prime factors of x.
5, 61
Let v be (-18)/30 + 234/(-10). Let h(o) = -24*o**2 - 7 - 10*o - o**3 + 9*o + 7 - 10. What are the prime factors of h(v)?
2, 7
Let k(a) = 3*a**2 - 49*a + 260. List the prime factors of k(32).
2, 3, 7
Let z = 6399 + 190. What are the prime factors of z?
11, 599
Let y = 8153 - 6600. What are the prime factors of y?
1553
Let o = 35545 - 20539. What are the prime factors of o?
2, 3, 41, 61
Suppose 4*u - 2*l = 6, 5*u = -0*l + 5*l + 5. Suppose -u*z - 10 = -682. What are the prime factors of z?
2, 3, 7
Let c be (-7)/((-84)/(-6330)) - 3/(-6). Let u = 989 + c. What are the prime factors of u?
2, 3, 7, 11
Suppose 11*k = 17890 + 42731. List the prime factors of k.
3, 11, 167
Let v(p) = -p + 155. Let b be v(58). Suppose -74 = 2*x - 4*a - 12, 2*x = -3*a - 55. Let i = x + b. List the prime factors of i.
2, 17
Let m(d) = 153*d**3 + 6*d**2 + 31*d - 103. List the prime factors of m(3).
5, 167
Suppose 6*q - 657 = 2823. Suppose 0 = -213*n + 214*n - q. List the prime factors of n.
2, 5, 29
Suppose 30*s - 4*s + 400 = 17326. List the prime factors of s.
3, 7, 31
Suppose 5*y - 19 = 3*p + 3*y, p + y = -8. Let x = 34 + p. What are the prime factors of x?
3
Let z = -2545 - -8152. List the prime factors of z.
3, 7, 89
Suppose 2*z + 5*c - 6*c + 736 = 0, -5*z + 3*c - 1841 = 0. Let t = 179 + z. Let h = -106 - t. What are the prime factors of h?
2, 41
Let i(z) = z**2 - 4*z + 11. Let g be 1*0/(-1) + 8. Let b be i(g). Let t = b - -61. What are the prime factors of t?
2, 13
Let x = 302 + -304. What are the prime factors of 4/x + (724 - -3)?
5, 29
Suppose -5*f + 15*q + 148250 = 0, -63793 = -3*f - 2*q + 25124. List the prime factors of f.
29641
Suppose -11*b = 3*b - 8*b - 38862. What are the prime factors of b?
3, 17, 127
List the prime factors of -452*((-44)/88)/(3/15).
2, 5, 113
Let l = 2575 + -1111. Let a = l + -1004. List the prime factors of a.
2, 5, 23
Suppose -5*q + 15 = j - 20, 4*j + 5*q = 80. Suppose 0 = j*u - 1152 - 2043. List the prime factors of u.
3, 71
Let j = 13 + -8. Suppose 2*k - 3*k = -3*t + 24, j*k = -3*t + 24. Suppose 0*a - 976 = -t*a. What are the prime factors of a?
2, 61
What are the prime factors of -6 + 5 + -3 - -7 - -4054?
4057
Suppose 3*o + 2*s - 156 = 0, -2*s - 3*s = 3*o - 165. Suppose 49*i = o*i - 170. Suppose -7*c - 3*c = -i. List the prime factors of c.
17
Suppose -5*j + 59355 = -39*g + 34*g, -3*j - 3*g + 35601 = 0. List the prime factors of j.
11, 13, 83
Let f be 8/(-3)*(-10 + 4 + 0). Let c(d) = 6*d + 41. List the prime factors of c(f).
137
Let w(n) = -n**3 + 10*n**2 - 11*n + 11. Let u be w(8). Suppose -u = 38*b - 41*b. Let q = 0 + b. List the prime factors of q.
17
Let d = 87 + -83. Let y(r) = -3*r + 11. Let u(m) = -m**2 - 5*m + 23. Let n(s) = -4*u(s) + 9*y(s). What are the prime factors of n(d)?
43
Let z = -3846 - -5673. What are the prime factors of z?
3, 7, 29
Let g(i) = i**2 - 90*i + 1613. List the prime factors of g(-80).
3, 11, 461
Suppose 18*f = 19*f + 2*d - 797, -5*f + 5*d + 4030 = 0. Let w = f - 88. What are the prime factors of w?
5, 11, 13
Let v(c) = -c**2 - 16*c + 26. Let u be v(-8). Suppose 0 = -2*y + 58 + u. Let s = y + 9. What are the prime factors of s?
83
What are the prime factors of (35/((-1925)/(-50226)))/((-2)/(-10))?
2, 3, 761
Let t = -43 - -47. Suppose -t*d - 4*q - 20 = -5*d, d + q = 0. Suppose 0 = d*y - 5*k - 9, 9 = -y - 0*y + 5*k. List the prime factors of y.
2, 3
Let k = -2523 + 4555. Suppose -803 = -5*z + k. List the prime factors of z.
3, 7
Suppose 0 = -t - 3*t - 144. Let s(c) = -17*c - 23. Let h be s(5). Let o = t - h. List the prime factors of o.
2, 3
Suppose 8*n - 119 - 161 = 0. Suppose -5*i - 2*x + 61 = -n, -i + 30 = -5*x. Suppose j - i = 43. What are the prime factors of j?
3, 7
Let c = -1164 - -5861. What are the prime factors of c?
7, 11, 61
Suppose -21*h = -25*h + 4800. Let d = 2189 - h. Suppose 67 = 11*i - d. List the prime factors of i.
2, 3
Suppose 3*m - 775 = -4*d, 2*d - 3*m - 471 = -88. Let z = 248 - d. What are the prime factors of z?
5, 11
Let l(t) = -29